{"id":647,"date":"2021-08-25T12:24:15","date_gmt":"2021-08-25T11:24:15","guid":{"rendered":"https:\/\/novatervisestuudio.com\/index.php\/contact\/"},"modified":"2025-12-31T13:48:47","modified_gmt":"2025-12-31T11:48:47","slug":"tunniplaan","status":"publish","type":"page","link":"https:\/\/novatervisestuudio.com\/index.php\/tunniplaan\/","title":{"rendered":"Tunniplaan"},"content":{"rendered":"\t\t<div data-elementor-type=\"wp-page\" data-elementor-id=\"647\" class=\"elementor elementor-647\">\n\t\t\t\t\t\t<section class=\"elementor-section elementor-top-section elementor-element elementor-element-2d4b64c elementor-section-content-middle elementor-section-boxed elementor-section-height-default elementor-section-height-default\" data-id=\"2d4b64c\" data-element_type=\"section\" data-settings=\"{&quot;background_background&quot;:&quot;classic&quot;}\">\n\t\t\t\t\t\t<div class=\"elementor-container elementor-column-gap-no\">\n\t\t\t\t\t<div class=\"elementor-column elementor-col-100 elementor-top-column elementor-element elementor-element-ebb32f9\" data-id=\"ebb32f9\" data-element_type=\"column\">\n\t\t\t<div class=\"elementor-widget-wrap elementor-element-populated\">\n\t\t\t\t\t\t<div class=\"elementor-element elementor-element-b8c0aca elementor-widget elementor-widget-heading\" data-id=\"b8c0aca\" data-element_type=\"widget\" data-widget_type=\"heading.default\">\n\t\t\t\t<div class=\"elementor-widget-container\">\n\t\t\t\t\t<h1 class=\"elementor-heading-title elementor-size-default\">Tunniplaan<\/h1>\t\t\t\t<\/div>\n\t\t\t\t<\/div>\n\t\t\t\t\t<\/div>\n\t\t<\/div>\n\t\t\t\t\t<\/div>\n\t\t<\/section>\n\t\t<div class=\"elementor-element elementor-element-2af02cd e-flex e-con-boxed e-con e-parent\" data-id=\"2af02cd\" data-element_type=\"container\">\n\t\t\t\t\t<div class=\"e-con-inner\">\n\t\t\t\t<div class=\"elementor-element elementor-element-f8c70d7 elementor-widget elementor-widget-text-editor\" data-id=\"f8c70d7\" data-element_type=\"widget\" data-widget_type=\"text-editor.default\">\n\t\t\t\t<div class=\"elementor-widget-container\">\n\t\t\t\t\t\t\t\t\t<p>Meie stuudio \u00fcritab pakkuda igale inimesele sobivat programmi. Kasutame nii d\u00fcnaamilisi stiile nagu Hatha, Vinyasa ja Ashtanga Vinyasa jooga kui ka rahulikumaid versioone Yin, Nidra jooga ja meditatsiooni.<\/p>\t\t\t\t\t\t\t\t<\/div>\n\t\t\t\t<\/div>\n\t\t\t\t\t<\/div>\n\t\t\t\t<\/div>\n\t\t<div class=\"elementor-element elementor-element-4ac1e9f e-flex e-con-boxed e-con e-parent\" data-id=\"4ac1e9f\" data-element_type=\"container\">\n\t\t\t\t\t<div class=\"e-con-inner\">\n\t\t\t\t<div class=\"elementor-element elementor-element-6e5b375 elementor-widget__width-initial elementor-widget elementor-widget-html\" data-id=\"6e5b375\" data-element_type=\"widget\" data-widget_type=\"html.default\">\n\t\t\t\t<div class=\"elementor-widget-container\">\n\t\t\t\t\t<iframe src=\"https:\/\/docs.google.com\/spreadsheets\/d\/e\/2PACX-1vRkBiYkRf_-PY0A7dFuI0Mi9tgRaBpCemB4B7gLce_2jIVbuYIixC68DBMJwigStZppdi__whJKOE1o\/pubhtml?gid=1481842563&amp;single=true&amp;widget=false&amp;chrome=false&amp;headers=false\" height=\"510\"><\/iframe>\t\t\t\t<\/div>\n\t\t\t\t<\/div>\n\t\t\t\t<div class=\"elementor-element elementor-element-97d5f73 elementor-widget elementor-widget-html\" data-id=\"97d5f73\" data-element_type=\"widget\" data-widget_type=\"html.default\">\n\t\t\t\t<div class=\"elementor-widget-container\">\n\t\t\t\t\t<iframe src=\"https:\/\/docs.google.com\/spreadsheets\/d\/e\/2PACX-1vRkBiYkRf_-PY0A7dFuI0Mi9tgRaBpCemB4B7gLce_2jIVbuYIixC68DBMJwigStZppdi__whJKOE1o\/pubhtml?gid=1769352936&amp;single=true&amp;widget=false&amp;chrome=false&amp;headers=false\" height=\"440\"><\/iframe>\t\t\t\t<\/div>\n\t\t\t\t<\/div>\n\t\t\t\t\t<\/div>\n\t\t\t\t<\/div>\n\t\t\t\t<section class=\"elementor-section elementor-top-section elementor-element elementor-element-fa05372 elementor-section-boxed elementor-section-height-default elementor-section-height-default\" data-id=\"fa05372\" data-element_type=\"section\" data-settings=\"{&quot;background_background&quot;:&quot;classic&quot;}\">\n\t\t\t\t\t\t<div class=\"elementor-container elementor-column-gap-no\">\n\t\t\t\t\t<div class=\"elementor-column elementor-col-100 elementor-top-column elementor-element elementor-element-8aef010\" data-id=\"8aef010\" data-element_type=\"column\">\n\t\t\t<div class=\"elementor-widget-wrap elementor-element-populated\">\n\t\t\t\t\t\t<div class=\"elementor-element elementor-element-a16de7b elementor-widget elementor-widget-stepbooking\" data-id=\"a16de7b\" data-element_type=\"widget\" data-widget_type=\"stepbooking.default\">\n\t\t\t\t<div class=\"elementor-widget-container\">\n\t\t\t\t\t\n<script>\n  if (typeof hasAmeliaEntitiesApiCall === 'undefined' && '' === '') {\n    var hasAmeliaEntitiesApiCall = true;\n  }\n  var ameliaShortcodeData = (typeof ameliaShortcodeData === 'undefined') ? [] : ameliaShortcodeData;\n  ameliaShortcodeData.push(\n    {\n      'hasApiCall': (typeof hasAmeliaEntitiesApiCall !== 'undefined') && hasAmeliaEntitiesApiCall,\n      'trigger': '',\n      'trigger_type': '',\n      'triggered_form': 'sbsNew',\n      'in_dialog': '',\n      'show': '',\n      'counter': '1000',\n      'category': '1,7,8',\n      'service': '',\n      'employee': '2,55,56',\n      'location': '',\n      'package': ''\n    }\n  );\n\n  var ameliaShortcodeDataTriggered = (typeof ameliaShortcodeDataTriggered === 'undefined') ? [] : ameliaShortcodeDataTriggered;\n  if (ameliaShortcodeData[ameliaShortcodeData.length - 1].trigger !== '') {\n    if (ameliaShortcodeDataTriggered.filter(a => a.counter === ameliaShortcodeData[ameliaShortcodeData.length - 1].counter).length === 0) {\n      ameliaShortcodeDataTriggered.push(ameliaShortcodeData.pop());\n    } else {\n      ameliaShortcodeData.pop()\n    }\n  }\n  if (typeof hasAmeliaEntitiesApiCall !== 'undefined' && hasAmeliaEntitiesApiCall) {\n    hasAmeliaEntitiesApiCall = false;\n  }\n<\/script>\n\n<div\n  id=\"amelia-v2-booking-1000\"\n  class=\"amelia-v2-booking\"\n >\n    <step-form-wrapper><\/step-form-wrapper><\/div>\n\t\t\t\t<\/div>\n\t\t\t\t<\/div>\n\t\t\t\t\t<\/div>\n\t\t<\/div>\n\t\t\t\t\t<\/div>\n\t\t<\/section>\n\t\t\t\t<section class=\"elementor-section elementor-top-section elementor-element elementor-element-qzzmufq elementor-section-content-middle elementor-section-boxed elementor-section-height-default elementor-section-height-default\" data-id=\"qzzmufq\" data-element_type=\"section\" data-settings=\"{&quot;background_background&quot;:&quot;classic&quot;}\">\n\t\t\t\t\t\t\t<div class=\"elementor-background-overlay\"><\/div>\n\t\t\t\t\t\t\t<div class=\"elementor-container elementor-column-gap-no\">\n\t\t\t\t\t<div class=\"elementor-column elementor-col-66 elementor-top-column elementor-element elementor-element-973e357\" data-id=\"973e357\" data-element_type=\"column\">\n\t\t\t<div class=\"elementor-widget-wrap elementor-element-populated\">\n\t\t\t\t\t\t<div class=\"elementor-element elementor-element-e76438a elementor-widget elementor-widget-heading\" data-id=\"e76438a\" data-element_type=\"widget\" data-widget_type=\"heading.default\">\n\t\t\t\t<div class=\"elementor-widget-container\">\n\t\t\t\t\t<h2 class=\"elementor-heading-title elementor-size-default\">Osta kuukaart ja s\u00e4\u00e4sta raha!<\/h2>\t\t\t\t<\/div>\n\t\t\t\t<\/div>\n\t\t\t\t<div class=\"elementor-element elementor-element-19ec08d elementor-widget elementor-widget-text-editor\" data-id=\"19ec08d\" data-element_type=\"widget\" data-widget_type=\"text-editor.default\">\n\t\t\t\t<div class=\"elementor-widget-container\">\n\t\t\t\t\t\t\t\t\t<p><span style=\"text-decoration: underline;\"><strong>HINNAKIRI<\/strong><\/span><\/p><p><strong>4- TUNNI KAART &#8211; 35 EUROT<\/strong><\/p><p>SELLE KAARDIGA SAAD K\u00dcLASTADA NELI ENDA POOLT VALITUD JOOGA JA PILATES TUNDI ( V\u00c4LJA ARVATUD \u00d5HUJOOGA TUNNID).<\/p><p>KAARDIL EI OLE KEHTIVUSAEGA.<\/p><p><strong>6 &#8211; TUNNI KAART &#8211; 50 EUROT<\/strong><\/p><p>SELLE KAARDIGA SAAD K\u00dcLASTADA KUUS ENDA POOLT VALITUD JOOGA JA PILATES TUNDI ( V\u00c4LJA ARVATUD \u00d5HUJOOGA TUNNID).<\/p><p>KAARDIL EI OLE KEHTIVUSAEGA.<\/p><p><strong>8 &#8211; TUNNI KAART &#8211; 65 EUROT<\/strong><\/p><p>SELLE KAARDIGA SAAD K\u00dcLASTADA KUUS ENDA POOLT VALITUD JOOGA JA PILATES TUNDI ( V\u00c4LJA ARVATUD \u00d5HUJOOGA TUNNID).<\/p><p>KAARDIL EI OLE KEHTIVUSAEGA.<\/p><p><strong>4 &#8211;\u00a0 \u00d5HUUJOOGA TUNNI KAART &#8211; 40 EUROT<\/strong><\/p><p>SELLE KAARDIGA SAAD K\u00dcLASTADA NELI \u00d5HUJOOGA TUNDI.<\/p><p>KAARDIL EI OLE KEHTIVUSAEGA.<\/p><p><strong>KUU KAART &#8211; 65 EUROT<\/strong><\/p><p>SELLE KUU KAARDIGA SAAD KUU L\u00d5IKES K\u00d5IKIDES TUNDIDES OSALEDA <span style=\"font-style: inherit; font-weight: inherit;\">NII PALJU KUI SOOVID.\u00a0<\/span><\/p><p>KEHTIB 30 P\u00c4EVA.<\/p><p>PILATESE, JOOGA KORD -10 eurot<\/p><p>\u00d5HUJOOGA JA \u00d5HUJOOGALATESE KORD &#8211; 11 eurot<\/p><p>LASTE \u00d5HUJOOGA KORD &#8211; 9 eurot<\/p><div>\u00a0<\/div>\t\t\t\t\t\t\t\t<\/div>\n\t\t\t\t<\/div>\n\t\t\t\t\t<\/div>\n\t\t<\/div>\n\t\t\t\t<div class=\"elementor-column elementor-col-33 elementor-top-column elementor-element elementor-element-543e915\" data-id=\"543e915\" data-element_type=\"column\">\n\t\t\t<div class=\"elementor-widget-wrap elementor-element-populated\">\n\t\t\t\t\t\t<div class=\"elementor-element elementor-element-13b710b elementor-align-right elementor-mobile-align-center elementor-widget elementor-widget-button\" data-id=\"13b710b\" data-element_type=\"widget\" data-widget_type=\"button.default\">\n\t\t\t\t<div class=\"elementor-widget-container\">\n\t\t\t\t\t\t\t\t\t<div class=\"elementor-button-wrapper\">\n\t\t\t\t\t<a class=\"elementor-button elementor-button-link elementor-size-sm\" href=\"https:\/\/novatervisestuudio.com\/index.php\/kontakt\/\">\n\t\t\t\t\t\t<span class=\"elementor-button-content-wrapper\">\n\t\t\t\t\t\t\t\t\t<span class=\"elementor-button-text\">v\u00f5ta \u00fchendust<\/span>\n\t\t\t\t\t<\/span>\n\t\t\t\t\t<\/a>\n\t\t\t\t<\/div>\n\t\t\t\t\t\t\t\t<\/div>\n\t\t\t\t<\/div>\n\t\t\t\t\t<\/div>\n\t\t<\/div>\n\t\t\t\t\t<\/div>\n\t\t<\/section>\n\t\t\t\t<section class=\"elementor-section elementor-top-section elementor-element elementor-element-ecbc72a elementor-section-full_width elementor-section-height-default elementor-section-height-default\" data-id=\"ecbc72a\" data-element_type=\"section\">\n\t\t\t\t\t\t<div class=\"elementor-container elementor-column-gap-no\">\n\t\t\t\t\t<div class=\"elementor-column elementor-col-100 elementor-top-column elementor-element elementor-element-9dbe81e\" data-id=\"9dbe81e\" data-element_type=\"column\">\n\t\t\t<div class=\"elementor-widget-wrap elementor-element-populated\">\n\t\t\t\t\t\t<div class=\"elementor-element elementor-element-efe939a elementor-widget elementor-widget-google_maps\" data-id=\"efe939a\" data-element_type=\"widget\" data-widget_type=\"google_maps.default\">\n\t\t\t\t<div class=\"elementor-widget-container\">\n\t\t\t\t\t\t\t<div class=\"elementor-custom-embed\">\n\t\t\t<iframe loading=\"lazy\"\n\t\t\t\t\tsrc=\"https:\/\/maps.google.com\/maps?q=Pikk%2051%2C%20Rakvere&#038;t=m&#038;z=16&#038;output=embed&#038;iwloc=near\"\n\t\t\t\t\ttitle=\"Pikk 51, Rakvere\"\n\t\t\t\t\taria-label=\"Pikk 51, Rakvere\"\n\t\t\t><\/iframe>\n\t\t<\/div>\n\t\t\t\t\t\t<\/div>\n\t\t\t\t<\/div>\n\t\t\t\t\t<\/div>\n\t\t<\/div>\n\t\t\t\t\t<\/div>\n\t\t<\/section>\n\t\t\t\t<\/div>\n\t\t","protected":false},"excerpt":{"rendered":"<p>Tunniplaan Meie stuudio \u00fcritab pakkuda igale inimesele sobivat programmi. Kasutame nii d\u00fcnaamilisi stiile nagu Hatha, Vinyasa ja Ashtanga Vinyasa jooga kui ka rahulikumaid versioone Yin, Nidra jooga ja meditatsiooni. Osta kuukaart ja s\u00e4\u00e4sta raha! HINNAKIRI 4- TUNNI KAART &#8211; 35 EUROT SELLE KAARDIGA SAAD K\u00dcLASTADA NELI ENDA POOLT VALITUD JOOGA JA PILATES TUNDI ( V\u00c4LJA &hellip;<\/p>\n<p class=\"read-more\"> <a class=\"\" href=\"https:\/\/novatervisestuudio.com\/index.php\/tunniplaan\/\"> <span class=\"screen-reader-text\">Tunniplaan<\/span> Read More &raquo;<\/a><\/p>\n","protected":false},"author":1,"featured_media":0,"parent":0,"menu_order":0,"comment_status":"closed","ping_status":"closed","template":"","meta":{"_eb_attr":"","_uag_custom_page_level_css":"","site-sidebar-layout":"no-sidebar","site-content-layout":"page-builder","ast-site-content-layout":"","site-content-style":"default","site-sidebar-style":"default","ast-global-header-display":"","ast-banner-title-visibility":"","ast-main-header-display":"","ast-hfb-above-header-display":"","ast-hfb-below-header-display":"","ast-hfb-mobile-header-display":"","site-post-title":"disabled","ast-breadcrumbs-content":"disabled","ast-featured-img":"disabled","footer-sml-layout":"","theme-transparent-header-meta":"enabled","adv-header-id-meta":"","stick-header-meta":"","header-above-stick-meta":"","header-main-stick-meta":"","header-below-stick-meta":"","astra-migrate-meta-layouts":"","footnotes":""},"class_list":["post-647","page","type-page","status-publish","hentry"],"yoast_head":"<!-- This site is optimized with the Yoast SEO plugin v23.4 - https:\/\/yoast.com\/wordpress\/plugins\/seo\/ -->\n<title>Tunniplaan - novatervisestuudio.com<\/title>\n<meta name=\"robots\" content=\"index, follow, max-snippet:-1, max-image-preview:large, max-video-preview:-1\" \/>\n<link rel=\"canonical\" href=\"https:\/\/novatervisestuudio.com\/index.php\/tunniplaan\/\" \/>\n<meta property=\"og:locale\" content=\"en_GB\" \/>\n<meta property=\"og:type\" content=\"article\" \/>\n<meta property=\"og:title\" content=\"Tunniplaan - novatervisestuudio.com\" \/>\n<meta property=\"og:description\" content=\"Tunniplaan Meie stuudio \u00fcritab pakkuda igale inimesele sobivat programmi. Kasutame nii d\u00fcnaamilisi stiile nagu Hatha, Vinyasa ja Ashtanga Vinyasa jooga kui ka rahulikumaid versioone Yin, Nidra jooga ja meditatsiooni. Osta kuukaart ja s\u00e4\u00e4sta raha! HINNAKIRI 4- TUNNI KAART &#8211; 35 EUROT SELLE KAARDIGA SAAD K\u00dcLASTADA NELI ENDA POOLT VALITUD JOOGA JA PILATES TUNDI ( V\u00c4LJA &hellip; Tunniplaan Read More &raquo;\" \/>\n<meta property=\"og:url\" content=\"https:\/\/novatervisestuudio.com\/index.php\/tunniplaan\/\" \/>\n<meta property=\"og:site_name\" content=\"novatervisestuudio.com\" \/>\n<meta property=\"article:modified_time\" content=\"2025-12-31T11:48:47+00:00\" \/>\n<meta name=\"twitter:card\" content=\"summary_large_image\" \/>\n<meta name=\"twitter:label1\" content=\"Estimated reading time\" \/>\n\t<meta name=\"twitter:data1\" content=\"1 minute\" \/>\n<script type=\"application\/ld+json\" class=\"yoast-schema-graph\">{\"@context\":\"https:\/\/schema.org\",\"@graph\":[{\"@type\":\"WebPage\",\"@id\":\"https:\/\/novatervisestuudio.com\/index.php\/tunniplaan\/\",\"url\":\"https:\/\/novatervisestuudio.com\/index.php\/tunniplaan\/\",\"name\":\"Tunniplaan - novatervisestuudio.com\",\"isPartOf\":{\"@id\":\"https:\/\/novatervisestuudio.com\/#website\"},\"datePublished\":\"2021-08-25T11:24:15+00:00\",\"dateModified\":\"2025-12-31T11:48:47+00:00\",\"breadcrumb\":{\"@id\":\"https:\/\/novatervisestuudio.com\/index.php\/tunniplaan\/#breadcrumb\"},\"inLanguage\":\"en-GB\",\"potentialAction\":[{\"@type\":\"ReadAction\",\"target\":[\"https:\/\/novatervisestuudio.com\/index.php\/tunniplaan\/\"]}]},{\"@type\":\"BreadcrumbList\",\"@id\":\"https:\/\/novatervisestuudio.com\/index.php\/tunniplaan\/#breadcrumb\",\"itemListElement\":[{\"@type\":\"ListItem\",\"position\":1,\"name\":\"Home\",\"item\":\"https:\/\/novatervisestuudio.com\/\"},{\"@type\":\"ListItem\",\"position\":2,\"name\":\"Tunniplaan\"}]},{\"@type\":\"WebSite\",\"@id\":\"https:\/\/novatervisestuudio.com\/#website\",\"url\":\"https:\/\/novatervisestuudio.com\/\",\"name\":\"novatervisestuudio.com\",\"description\":\"\",\"publisher\":{\"@id\":\"https:\/\/novatervisestuudio.com\/#organization\"},\"potentialAction\":[{\"@type\":\"SearchAction\",\"target\":{\"@type\":\"EntryPoint\",\"urlTemplate\":\"https:\/\/novatervisestuudio.com\/?s={search_term_string}\"},\"query-input\":{\"@type\":\"PropertyValueSpecification\",\"valueRequired\":true,\"valueName\":\"search_term_string\"}}],\"inLanguage\":\"en-GB\"},{\"@type\":\"Organization\",\"@id\":\"https:\/\/novatervisestuudio.com\/#organization\",\"name\":\"novatervisestuudio.com\",\"url\":\"https:\/\/novatervisestuudio.com\/\",\"logo\":{\"@type\":\"ImageObject\",\"inLanguage\":\"en-GB\",\"@id\":\"https:\/\/novatervisestuudio.com\/#\/schema\/logo\/image\/\",\"url\":\"https:\/\/novatervisestuudio.com\/wp-content\/uploads\/2023\/10\/PNG_Logo__199_KB_-removebg-preview.png\",\"contentUrl\":\"https:\/\/novatervisestuudio.com\/wp-content\/uploads\/2023\/10\/PNG_Logo__199_KB_-removebg-preview.png\",\"width\":426,\"height\":421,\"caption\":\"novatervisestuudio.com\"},\"image\":{\"@id\":\"https:\/\/novatervisestuudio.com\/#\/schema\/logo\/image\/\"}}]}<\/script>\n<!-- \/ Yoast SEO plugin. -->","yoast_head_json":{"title":"Tunniplaan - novatervisestuudio.com","robots":{"index":"index","follow":"follow","max-snippet":"max-snippet:-1","max-image-preview":"max-image-preview:large","max-video-preview":"max-video-preview:-1"},"canonical":"https:\/\/novatervisestuudio.com\/index.php\/tunniplaan\/","og_locale":"en_GB","og_type":"article","og_title":"Tunniplaan - novatervisestuudio.com","og_description":"Tunniplaan Meie stuudio \u00fcritab pakkuda igale inimesele sobivat programmi. Kasutame nii d\u00fcnaamilisi stiile nagu Hatha, Vinyasa ja Ashtanga Vinyasa jooga kui ka rahulikumaid versioone Yin, Nidra jooga ja meditatsiooni. Osta kuukaart ja s\u00e4\u00e4sta raha! HINNAKIRI 4- TUNNI KAART &#8211; 35 EUROT SELLE KAARDIGA SAAD K\u00dcLASTADA NELI ENDA POOLT VALITUD JOOGA JA PILATES TUNDI ( V\u00c4LJA &hellip; Tunniplaan Read More &raquo;","og_url":"https:\/\/novatervisestuudio.com\/index.php\/tunniplaan\/","og_site_name":"novatervisestuudio.com","article_modified_time":"2025-12-31T11:48:47+00:00","twitter_card":"summary_large_image","twitter_misc":{"Estimated reading time":"1 minute"},"schema":{"@context":"https:\/\/schema.org","@graph":[{"@type":"WebPage","@id":"https:\/\/novatervisestuudio.com\/index.php\/tunniplaan\/","url":"https:\/\/novatervisestuudio.com\/index.php\/tunniplaan\/","name":"Tunniplaan - novatervisestuudio.com","isPartOf":{"@id":"https:\/\/novatervisestuudio.com\/#website"},"datePublished":"2021-08-25T11:24:15+00:00","dateModified":"2025-12-31T11:48:47+00:00","breadcrumb":{"@id":"https:\/\/novatervisestuudio.com\/index.php\/tunniplaan\/#breadcrumb"},"inLanguage":"en-GB","potentialAction":[{"@type":"ReadAction","target":["https:\/\/novatervisestuudio.com\/index.php\/tunniplaan\/"]}]},{"@type":"BreadcrumbList","@id":"https:\/\/novatervisestuudio.com\/index.php\/tunniplaan\/#breadcrumb","itemListElement":[{"@type":"ListItem","position":1,"name":"Home","item":"https:\/\/novatervisestuudio.com\/"},{"@type":"ListItem","position":2,"name":"Tunniplaan"}]},{"@type":"WebSite","@id":"https:\/\/novatervisestuudio.com\/#website","url":"https:\/\/novatervisestuudio.com\/","name":"novatervisestuudio.com","description":"","publisher":{"@id":"https:\/\/novatervisestuudio.com\/#organization"},"potentialAction":[{"@type":"SearchAction","target":{"@type":"EntryPoint","urlTemplate":"https:\/\/novatervisestuudio.com\/?s={search_term_string}"},"query-input":{"@type":"PropertyValueSpecification","valueRequired":true,"valueName":"search_term_string"}}],"inLanguage":"en-GB"},{"@type":"Organization","@id":"https:\/\/novatervisestuudio.com\/#organization","name":"novatervisestuudio.com","url":"https:\/\/novatervisestuudio.com\/","logo":{"@type":"ImageObject","inLanguage":"en-GB","@id":"https:\/\/novatervisestuudio.com\/#\/schema\/logo\/image\/","url":"https:\/\/novatervisestuudio.com\/wp-content\/uploads\/2023\/10\/PNG_Logo__199_KB_-removebg-preview.png","contentUrl":"https:\/\/novatervisestuudio.com\/wp-content\/uploads\/2023\/10\/PNG_Logo__199_KB_-removebg-preview.png","width":426,"height":421,"caption":"novatervisestuudio.com"},"image":{"@id":"https:\/\/novatervisestuudio.com\/#\/schema\/logo\/image\/"}}]}},"jetpack_sharing_enabled":true,"uagb_featured_image_src":{"full":false,"thumbnail":false,"medium":false,"medium_large":false,"large":false,"1536x1536":false,"2048x2048":false,"mailpoet_newsletter_max":false,"woocommerce_thumbnail":false,"woocommerce_single":false,"woocommerce_gallery_thumbnail":false},"uagb_author_info":{"display_name":"novatervisestuudio.com","author_link":"https:\/\/novatervisestuudio.com\/index.php\/author\/novatervisestuudio-com\/"},"uagb_comment_info":0,"uagb_excerpt":"Tunniplaan Meie stuudio \u00fcritab pakkuda igale inimesele sobivat programmi. Kasutame nii d\u00fcnaamilisi stiile nagu Hatha, Vinyasa ja Ashtanga Vinyasa jooga kui ka rahulikumaid versioone Yin, Nidra jooga ja meditatsiooni. Osta kuukaart ja s\u00e4\u00e4sta raha! HINNAKIRI 4- TUNNI KAART &#8211; 35 EUROT SELLE KAARDIGA SAAD K\u00dcLASTADA NELI ENDA POOLT VALITUD JOOGA JA PILATES TUNDI ( V\u00c4LJA&hellip;","_links":{"self":[{"href":"https:\/\/novatervisestuudio.com\/index.php\/wp-json\/wp\/v2\/pages\/647"}],"collection":[{"href":"https:\/\/novatervisestuudio.com\/index.php\/wp-json\/wp\/v2\/pages"}],"about":[{"href":"https:\/\/novatervisestuudio.com\/index.php\/wp-json\/wp\/v2\/types\/page"}],"author":[{"embeddable":true,"href":"https:\/\/novatervisestuudio.com\/index.php\/wp-json\/wp\/v2\/users\/1"}],"replies":[{"embeddable":true,"href":"https:\/\/novatervisestuudio.com\/index.php\/wp-json\/wp\/v2\/comments?post=647"}],"version-history":[{"count":89,"href":"https:\/\/novatervisestuudio.com\/index.php\/wp-json\/wp\/v2\/pages\/647\/revisions"}],"predecessor-version":[{"id":4072,"href":"https:\/\/novatervisestuudio.com\/index.php\/wp-json\/wp\/v2\/pages\/647\/revisions\/4072"}],"wp:attachment":[{"href":"https:\/\/novatervisestuudio.com\/index.php\/wp-json\/wp\/v2\/media?parent=647"}],"curies":[{"name":"wp","href":"https:\/\/api.w.org\/{rel}","templated":true}]}}